Let z be (w/68)/(1/(-4)). What is the highest common divisor of 9 and z?
9
Let t = 14002 + -13862. Calculate the highest common factor of t and 110.
10
Suppose 0 = 9*s - 175 - 149. Suppose -4*b - 13 = -5*a, 4*b - s = -2*a - 14. What is the greatest common factor of 160 and a?
5
Suppose -d = 4*o - 521, 62 = 2*d - o - 953. Let j = 531 - d. What is the highest common divisor of 143 and j?
11
Let c = 28742 + -19785. What is the highest common factor of c and 13?
13
Let a(w) = 46*w + 5619. Let k be a(-93). Calculate the greatest common divisor of 3427 and k.
149
Let w = -3009 + 3162. Let y(g) = g**3 - 7*g**2 + 2*g. Let m be y(7). Let n be m + (1/1 - -2). What is the highest common factor of n and w?
17
Let j = -9086 - -10462. Calculate the highest common divisor of 288 and j.
32
Let x(o) = -34*o - 1 + 8 - 32*o + 94*o - 29*o. Let w = 1 - 6. Let f be x(w). Calculate the greatest common divisor of f and 48.
12
Let x be (-2)/(-10) - (-1317246)/70. What is the highest common divisor of 194 and x?
194
Suppose 0 = -25*a + 1718 + 307. Suppose -2*d + 5*s + 10 - 4 = 0, -5*d - 39 = s. Let h = a - d. What is the greatest common factor of h and 22?
22
Let w be (-13)/13*(-5 + 0). Suppose 3*q = -6*b + 2*b + 79, w*b - 83 = -3*q. What is the greatest common factor of q and 63?
21
Let c(w) = w**3 + w + 2. Let o be c(2). Let p = 36 - 27. Suppose 4 = -8*x + p*x. Calculate the highest common factor of o and x.
4
Let b(j) = j**3 + 5*j**2 - 99. Let f be b(0). Let t = f + 119. What is the highest common factor of 50 and t?
10
Suppose -70 = -11*g - 202. Let z be (-1 + 2)/(54/g + 5). Calculate the greatest common divisor of z and 1.
1
Suppose 0 = -481*y + 454*y - 162. Suppose -b + 4*i = -3*b + 146, 377 = 5*b - 2*i. Let f be 40/y*10/b*-9. Calculate the highest common factor of f and 12.
4
Suppose 5*q + 57 = 2*s, -7*s + 8*s - 2*q = 26. Let g(z) = -5*z + 95. Let w be g(s). Calculate the highest common factor of 85 and w.
5
Let a(d) = 57*d**2 + d - 6. Let j be a(3). Calculate the highest common factor of j and 918.
102
Let q(o) = -155*o - 70. Suppose -18*l - 32 = 4. Let c be q(l). Calculate the highest common factor of 96 and c.
48
Let b be 14/8 + 2/8. Let d(h) = -3*h + 1. Let r(l) = 12*l + 3. Let v(x) = 6*d(x) + 2*r(x). Let j be v(b). Calculate the greatest common divisor of 12 and j.
12
Let m be -35*41874/315*(-3)/2. Calculate the greatest common divisor of 7 and m.
7
Let d(l) = 23*l**2 + 12*l + 454. Let k be d(-14). Calculate the highest common divisor of 423 and k.
141
Let b(f) = 2*f**2 - 15*f + 43. Let x = 187 + -176. Let t be b(x). Calculate the greatest common factor of 15 and t.
15
Let y be (-4)/66 + 1324/66. Let w = -40 + 55. What is the highest common divisor of w and y?
5
Suppose 3*b - 310 = p, 706 = -5*p + 5*b - 864. Let f = 348 + p. What is the greatest common divisor of 24 and f?
8
Suppose -186*f + 895 + 593 = 0. Calculate the highest common factor of 8152 and f.
8
Let q(a) = -2*a**2 + 117*a + 86. Let z be q(59). Calculate the greatest common divisor of 3267 and z.
27
Let u be 17/(66/(-280) + (-8)/(-28)). Let s = -188 + u. What is the greatest common factor of 228 and s?
76
Let p = -8048 + 12461. Calculate the highest common divisor of 3 and p.
3
Suppose -3*p + 8 = -4. Let a(c) = -10*c + 345. Let h be a(34). Suppose -2*r = h*k + p, -16 = -4*r - 7*k + 3*k. Calculate the greatest common factor of r and 20.
4
Let g = -5802 + 5892. Calculate the greatest common factor of 330 and g.
30
Let k be (-459)/102*(-2)/6*2. Suppose k*t = -3*i + 9, -3 - 5 = -2*i - t. Calculate the highest common divisor of i and 65.
5
Let t be 29/(-58) + ((-1390)/(-6) - 1/6). What is the greatest common factor of t and 1518?
33
Let d be 22914/380 + 12/40*-1. What is the highest common divisor of d and 444?
12
Suppose -n = 6*n - 34 - 2675. What is the greatest common divisor of 81 and n?
9
Suppose -4*y = -5*x - 2585, 0 = 5*y + 30*x - 31*x - 3205. What is the greatest common divisor of 13184 and y?
128
Let d be ((-6)/15)/(1 + (-18)/15). Suppose 4*p + 3*a = d, -p = p - 5*a - 14. Let t be (239 + 6/2)/p. Calculate the highest common factor of 11 and t.
11
Suppose 440*l = 460*l - 1120. Let q = 1926 - 1030. What is the greatest common factor of l and q?
56
Let z = 12 - 5. Let k be 4/(-7 + 13880/1960). Calculate the highest common factor of k and z.
7
Let o = 175 + -170. Suppose -2*s + 29 = o*l, -s - 2*l - 58 = -6*s. What is the highest common factor of s and 12?
12
Suppose 0 = 7*o - 8*o + 140. What is the greatest common factor of 540 and o?
20
Suppose 0 = -193*q + 143*q + 106400. What is the highest common factor of q and 3325?
133
Suppose 0 = -i + 3*i - 2*a, -3*a + 12 = 3*i. Suppose -t = 2*t - i*y - 192, 12 = 4*y. Suppose p - 13 - 9 = 0. What is the highest common factor of p and t?
22
Suppose -4*i + 2*c = -30, -13 = -2*i + 56*c - 53*c. What is the highest common divisor of i and 688?
8
Let d(l) = -l**2 + 76*l + 2059. Let z be d(97). Calculate the greatest common factor of z and 1111.
11
Let i = 56 + -44. Suppose -a = 0, 5*k + 3*a + 15 = -0*a. Let h = 15 + k. Calculate the greatest common divisor of i and h.
12
Suppose -a - 92 = -2*d, 231 = 5*d + 8*a - 10*a. Calculate the highest common factor of 26414 and d.
47
Let d(f) = 2*f**3 + 24*f**2 + 41*f + 17. Let b be d(-10). What is the greatest common factor of b and 973?
7
Suppose 5*p = 2*b - 5, 25 = -7*b + 12*b. Let l(h) = 54*h**2 + 37*h - 37. Let i be l(p). Calculate the highest common divisor of 198 and i.
18
Let z be 545 + (12 - (-18)/6). Calculate the greatest common divisor of z and 640.
80
Suppose j + 4500 = 51*j. Calculate the highest common factor of 1215 and j.
45
Let r = -153 + 406. Let x = 286 - r. Calculate the greatest common divisor of 11 and x.
11
Let o(i) = 2*i**2 - 24*i - 208. Let u be o(18). Let t(a) = 6*a**2 - 3*a + 1. Let k be t(3). Let n = k + -22. Calculate the greatest common factor of u and n.
8
Let h be -1 + (-14)/(-8) + 258/(-24). Let t be 7 + h - (1 + -11). Let c be (2/6 + -2)/((-1)/21). Calculate the highest common divisor of t and c.
7
Suppose 3*q - 2*q = -4*o + 713, 179 = o + q. Suppose 52 = -9*k + o. Suppose -f = -3*s - 10, -7 + 1 = -2*f - s. Calculate the greatest common factor of f and k.
2
Suppose 2*h - q - 1 - 27 = 0, 3*h = -4*q + 64. Let r(k) = k**3 - 17*k**2 + 21*k - 48. Let p be r(h). Calculate the highest common divisor of 992 and p.
32
Let s = -145 - -300. Let t = s - -80. Calculate the highest common factor of 94 and t.
47
Let v(w) = -6*w**2 + 26 - 8*w + 5*w**2 + 3 + 4. Let a be v(-11). Suppose 11*k - 5*k - 144 = a. What is the highest common factor of 60 and k?
12
Suppose 5*z + j = 666 - 152, 3*z = 5*j + 286. Suppose h = 11*h - 1360. What is the greatest common factor of h and z?
34
Let y(n) = n**3 - n**2 + 6*n - 3. Let p = 16 - 9. Let w be y(p). Suppose -2*u = -10, 2*r + 5*u + 18 - 117 = 0. Calculate the greatest common divisor of r and w.
37
Suppose j - 20 = -3*i - 0*j, -4*i - 3*j = -20. Let a = 140 + -23. Let s = a - 109. What is the greatest common divisor of s and i?
8
Let i be (6/6)/(1 - 132/135). Let b = i + -34. Suppose -5*v + 33 = 4*q - 30, -4*v + 3*q + 38 = 0. Calculate the highest common factor of v and b.
11
Suppose 0 = 4*i - 2*i - 5*i. Suppose -2*u + 4*d - d + 15 = i, 0 = 5*d + 5. Calculate the greatest common divisor of u and 96.
6
Suppose -5*o + 5*u - 10 = -10*o, 0 = -4*u + 8. Suppose 261*z - 254*z - 245 = o. Calculate the greatest common divisor of z and 25.
5
Let p = -1042 + 1460. Let z = -386 + p. What is the highest common factor of z and 8?
8
Let d(p) = -p**3 - p - 2. Let g be d(0). Let h be 0 - (-1)/(g/(-11 - 1)). Suppose -15*c + 8*c = -210. Calculate the highest common divisor of h and c.
6
Suppose 0 = 14*a + 46 - 200. Suppose 0 = w - 5*u + a - 1, -3*w + 6 = -3*u. Suppose -25 = -w*i + 15. What is the greatest common factor of i and 20?
4
Let t be 5 + -4 - 4 - -7. Suppose 3*f = -4*c + 81 - 17, t*c = -4*f + 64. Suppose -5*a + 191 = c. What is the greatest common divisor of 35 and a?
35
Let n = -80 - -82. Suppose 62 = n*b - b - 2*r, 2*r - 130 = -2*b. What is the greatest common divisor of b and 160?
32
Suppose 0 = 3*t - 5*m - 1477, -530*m + 535*m = -t + 539. What is the highest common divisor of t and 11844?
252
Suppose 800*h + 600 = 840*h. What is the highest common factor of 40 and h?
5